 the second derivative of b(s). Calculate l(-7).
-9
Let u = 13 - 4. Let y(s) be the first derivative of -s**3/3 + 7*s**2/2 + 13*s + 53502. Give y(u).
-5
Suppose -73 = 19*p - 209 + 79. Let s(f) = 4*f**3 + 2*f**2 + 3*f + 1. Give s(p).
136
Suppose u - 2*b = 0, 0 = -u - b + 3 - 12. Let x(y) = -y**3 - 4*y**2 + 9*y + 7. Calculate x(u).
25
Let y = 626 - 624. Let a(f) = 9 - 14 + 18 + y*f**2 + 7*f. Determine a(-6).
43
Suppose y + 4 - 7 = 0. Let q(l) = 71*l**y + 9*l**2 - 7*l - 35*l**3 - 37*l**3 + 2. Determine q(8).
10
Let f(l) = l**3 + 4*l**2 - 5*l + 1. Let k = -70 - -82. Suppose 4*o + 2*o = k. Let n be (-9 - -4) + 0/(1 + o). Give f(n).
1
Let p(y) = -y**3 - 6*y**2 + 8*y - 9. Let x = -28 - -34. Let q(b) = 16*b - 15*b - b**2 + 0 - 1. Let i(z) = x*q(z) - p(z). Calculate i(-3).
-18
Let b = -6379 + 6387. Let w(l) be the first derivative of -l**4/4 + 7*l**3/3 + 3*l**2 + 9*l - 1. Calculate w(b).
-7
Let r be ((-340)/(-55) - 6)*(88/6)/4. Let b(g) be the first derivative of -r*g**3 - 24 + 0*g - 3/2*g**2. Determine b(-2).
-2
Suppose -105*d = -426*d - 1284. Let l(n) = -n**3 + n**2 + n + 6. Give l(d).
82
Suppose -220 = -13*j - 9*j. Let b be (j - 7) + 3 + -1. Let v(n) = 3*n + 5. What is v(b)?
20
Let m(o) = 17544*o**3 - 8771*o**3 - 4*o + 7*o**2 - 8772*o**3 - 12. Give m(-7).
16
Let j = -176 - -140. Let c be (18/j)/(1/12). Let a(n) = -2*n - 9. Give a(c).
3
Let o(p) = 2*p**2 - 17*p + 31. Let q be (-14)/(-35) + 228/30 - 3. Give o(q).
-4
Suppose 26 = 15*y - 11*y + 5*n, 0 = -5*n - 10. Let p(j) be the first derivative of -1/3*j**3 + 7/2*j**2 - 5 + 7*j. Calculate p(y).
-11
Let r be ((-4)/6)/((-2)/3). Let m(a) = 371*a - 248*a - 5*a**2 - 125*a + 1. Calculate m(r).
-6
Let n(c) be the first derivative of -c**5/60 - 11*c**4/24 + 3*c**3 + c**2/2 - 9*c + 45. Let m(a) be the second derivative of n(a). Give m(-13).
-8
Let w(i) = -i**3 - 9*i**2 + 10*i + 9. Let j = -135 + 212. Suppose -67 = -v - j. Calculate w(v).
9
Let x(z) = 2062*z - 5 + z**3 + z**3 - 13*z**2 - 2082*z - 24*z**2. Calculate x(19).
-24
Let w(m) be the third derivative of m**6/15 - m**4/8 - 2*m**3/3 + 3214*m**2. What is w(-1)?
-9
Let i(r) be the first derivative of 9/2*r**2 - 1/6*r**3 + 26*r + 31. Let a(x) be the first derivative of i(x). Give a(6).
3
Let i(x) = 4*x + 2*x**3 - x**3 - 5*x - 23 + 6. Let v = 907 + -907. What is i(v)?
-17
Suppose 52*x = 3*t + 57*x + 13, 2*x = -10. Let l(y) = y**3 + 4*y**2 - 8*y + 10. What is l(t)?
106
Let u(n) = n**2 + 24*n + 9. Let b(h) = 4*h + 2. Let w(t) = -5*b(t) + u(t). Give w(-2).
-5
Suppose -3*x - 5*y + 120 = 0, 5*x - 2*y + 7*y = 200. Let m(w) = -4*w**3 - 11 - 15 - 12 + x - 2*w**2. What is m(-2)?
26
Let p(g) = 78*g + 248275650 + 6*g**2 - 2*g**2 - 248275615. Determine p(-19).
-3
Let n(p) = -p - 11. Let m(k) = -k - 10. Let f(a) = -6*m(a) + 5*n(a). Let y(r) = 8*r**2 + r**3 - 50 - 15*r - 47 + 37. Let w be y(-9). Determine f(w).
-1
Let d(q) = -q**2 - 28*q - 62. Let z = 3725 - 3751. Calculate d(z).
-10
Let f(t) = -2*t**3 + 2*t**2 - 4*t - 14. Let a be f(-2). Let k(m) = -a + 10 + 12 - 4*m. Give k(-5).
24
Let l(f) = 28 - 52 + 19*f + 67. Calculate l(-2).
5
Suppose -4*m = -3*m + 9. Let u(d) = -3*d - 27. Let w be u(m). Let a(y) = -391*y - 4 + w*y**3 + 397*y - 7*y**2 + y**3. Calculate a(6).
-4
Suppose -3*a + 5 = -2*a - 2*w, 31 = 3*a + 2*w. Let m(s) = 16*s - 146. Calculate m(a).
-2
Let j(r) = r**2 + 4*r - 7. Suppose 0 = 2*b - 5*s - 60, 0 = 5*b - 3*s - 2*s - 120. Let q = -17 + b. Suppose t + 4*u = q*u, 30 = -t + 5*u. Determine j(t).
-2
Let b(w) be the second derivative of -w**4/12 + 10*w**3/3 + 11*w**2 + 11*w - 24. Determine b(21).
1
Let d be (78/65)/((-1)/(-5)). Let v(t) = -d*t - 1 - t + 5*t + 4*t. What is v(-4)?
-9
Let w(j) = 2*j - 4. Let q be w(3). Suppose -14*f = 3*f - 51. Let z(h) = -2 + f*h**3 + 66*h**2 - q*h**3 - 63*h**2. Give z(-2).
2
Let i(s) = 10*s**3 - 139*s**2 - 7*s - 91. Let w be i(14). Let f(c) = c**2 - 7*c + 2. Let p be f(7). Let t(d) = -d**2 + 0*d**2 + p + 6*d + 6. Give t(w).
1
Suppose 0 = -229*q - 136 - 93. Suppose 4*o + 16 = 4*v, 7 = -3*v + 4*v - 4*o. Let c(h) = -h + v*h + 0*h. What is c(q)?
-2
Let h be 6 + (2 - 19/3)*(16 - 19). Let j(z) = -z**2 + 18*z + 36. What is j(h)?
17
Let v(n) = -91 + 0*n + 3*n - 8*n + 118. Calculate v(4).
7
Let p(n) be the second derivative of 2 - 1/12*n**4 + 5*n**2 + 29*n + 3/2*n**3. Determine p(8).
18
Let q(n) = 2*n**2 - 3*n - 2. Suppose -698 = 10*f - 12*f. Let b = 354 - f. Determine q(b).
33
Let g(y) = -y**2 + 10*y + 47. Let d = 1074 - 1060. Calculate g(d).
-9
Let h(r) = 2*r**2 + 2*r. Let a(f) = -9*f**2 + 14*f - 97. Let n(z) = -a(z) - 4*h(z). What is n(16)?
1
Let p(v) = v**2 + v + 2. Let z(h) be the first derivative of 7*h**2 - 28 - 16*h - 1/3*h**3. Let y be z(13). Determine p(y).
8
Let v(a) be the second derivative of a**4/6 + a**3/6 + a**2/2 + 3*a - 217. Determine v(-5).
46
Let n(t) = 2*t + 4. Suppose 0 = -4*a - 4, r - 23 = -4*r - 2*a. Let m(l) be the second derivative of l**3/3 - 7*l**2 - 6*l. Let u be m(r). Give n(u).
-4
Let p(o) be the third derivative of -7*o**4/24 - 4*o**3/3 + 4*o**2 + 24. What is p(-11)?
69
Let u(w) be the first derivative of -9*w**2 - 4*w + 1385. Calculate u(1).
-22
Let v(x) = 339*x - 3 + 75*x - 400*x - 17. Give v(4).
36
Let a(i) be the second derivative of 0 + 1/6*i**3 - 7/10*i**5 + 0*i**4 + 75*i + 0*i**2. Determine a(1).
-13
Let s(f) be the first derivative of 118 + 10*f - 3*f**2 + 10/3*f**3 - 1/4*f**4. Give s(9).
37
Let g(a) be the second derivative of 17/2*a**2 - 88*a + 1/12*a**4 + 2 + 0*a**3. Determine g(0).
17
Let y be ((60/(-6))/30)/((-1)/1). Let z(n) be the third derivative of 15*n**2 - 1/12*n**4 - y*n**3 - 1/120*n**6 + 1/20*n**5 + 0*n + 0. What is z(3)?
-8
Let k be 3/1*(-2)/(-3). Suppose 0 = -5*f + k*f + 9. Let l(i) = -f*i**3 + 34*i**2 + 2*i**3 - 3 - i - 42*i**2. Determine l(-8).
5
Suppose -3*g = 5 - 23. Let n(i) be the first derivative of -i**4/4 + 5*i**3/3 + 4*i**2 - 4*i + 9651. What is n(g)?
8
Let h(j) be the second derivative of -j**4/12 + 19*j**3/6 + 17*j**2/2 - 65*j. Give h(20).
-3
Let x be (-1 - -4 - (-1 - -5))*-5 - -10. Let s(g) = g**3 - 16*g**2 + 15*g - 16. What is s(x)?
-16
Let n(t) = t**2 + 9*t - 1. Let k be (-150)/(-175) - 930/7. Let x be (-2)/(2*-1) + 126 + k. Determine n(x).
-21
Let w(y) be the first derivative of -5*y**3/3 - 5*y**2/2 + y + 217. Calculate w(-3).
-29
Let w be (-1)/2 + (-11)/(-2). Let x be (3/4)/((-6)/(-168)). Let u(m) = -21 + x + w*m. Determine u(1).
5
Let y(b) = -11*b**2 + 8*b + 205. Let k(u) = u**2 - 2*u + 2. Let v(a) = 6*k(a) + y(a). Let d(j) be the first derivative of v(j). What is d(-2)?
16
Let j(y) = y**3 + 1. Let a(c) = -10 + 12 + 4*c + 2*c. Let f be a(-1). Let r be (f + 1)*16/24. What is j(r)?
-7
Let v be 29/(-9) + 4/18. Let f(n) be the first derivative of -n**4/4 - 4*n**3/3 + n**2 + 4*n - 75657. Calculate f(v).
-11
Let x(k) be the second derivative of 11*k - 2 - 5/2*k**2 - 7/12*k**4 - 1/20*k**5 + 0*k**3. Determine x(-7).
-5
Suppose -2*x = 2*x - 5*n - 210, 5*x - 252 = n. Suppose 0 = -0*a + a + x. Let w = -45 - a. Let c(h) = h**2 - 5*h + 1. What is c(w)?
1
Let d(z) be the third derivative of 20*z**2 - z**3 + 0 - 3*z + 1/24*z**4. Determine d(0).
-6
Let i(l) be the second derivative of 0 + 1/20*l**5 + 1/3*l**4 - 4*l - 5/2*l**2 - 7/6*l**3. Let f = 44 - 49. Calculate i(f).
5
Suppose -2*f + f = -0*f. Suppose 13 = -4*j + s, f = 5*j - 2*s - 2 + 16. Let t be 4 + 60/(-16) + (-27)/j. Let z(b) = b**3 - 6*b**2 - 7*b - 1. What is z(t)?
-1
Let j = 11 - 15. Let v(x) be the third derivative of x**6/120 + x**5/12 + x**4/8 - 5*x**3/3 - 55132*x**2. Give v(j).
-6
Let j(k) = k**2 + 9*k + 1. Let t be (-2)/((-1 + -3)*2/4). Suppose 0 = x + t. Let b be (-1)/(x + (-51)/27 - -3). Calculate j(b).
1
Let l(b) = -12*b. Suppose -20 = 2*n - 32. Suppose -5*d - n = -2*i - 17, -i = -3*d + 7. Let v be 14/(-35) - d/5. Determine l(v).
12
Let b(r) = 3*r + 2 - 2*r + 1 + 2. Let l = -145 + 152. Let d(a) = 2*a + 10. Let m(n) = l*b(n) - 3*d(n). Give m(-4).
1
Let d be 597 + (1 + -1)*1. Let l = d - 597. Let a(f) = f**3 + f + 4. What is a(l)?
4
Let j(f) be the third derivative of 0*f + 1/60*f**5 + 0 + 1/24*f**4 - 2*f**3 + 66*f**2. What is j(0)?
-12
Let g(a) = -2*a**2. Let j(x) = -2*x**3 + 13*x**2 - 7*x - 5. Let m be j(6). Suppose -10*d + 27 - 127 = 0. Let w = d - m. What is g(w)?
-2
Suppose 4*v - 19*f - 2620 = -14*f, -5*v + 5*